835*z**3 + 3427*z**3 - 2*z**2. Calculate r(-3).
21
Let l(g) = -g**3 - 11*g**2 - 24*g + 8. Suppose r = 13*r + 8852 - 8756. Determine l(r).
8
Let k(c) = -c**2 + 4*c - 6. Let v be ((-4)/(-2) - -164) + 1 + -3. Let q = -160 + v. Determine k(q).
-6
Suppose -w = 3*u - 3, 0 = w - 4*u - 11 - 6. Let x be (2 + (-4)/6)*w. Let j(z) = 0 + 17*z - z**3 + 0 + 3 + 4*z**2 - x*z. Give j(5).
3
Let u(a) be the third derivative of a**5/60 - a**4/2 + 2*a**3/3 - 27*a**2 - 195*a. Determine u(4).
-28
Let i(t) be the third derivative of t**5/60 + 19*t**4/24 + 11*t**3/2 + 53*t**2 + 3*t + 2. Give i(-15).
-27
Let m(u) = 2*u - 40. Let w(q) = -q**3 - 48*q**2 - 48*q - 18. Let p be w(-47). Give m(p).
18
Let c(o) be the first derivative of -o**4/4 + 8*o**3/3 - 2*o**2 + 39*o + 5436. Calculate c(8).
7
Let j(k) = 18 + 66*k**2 + k**3 + 9*k**2 + 72*k**2 - 26*k - 152*k**2. Give j(8).
2
Let o = 364 - 360. Suppose -20 = 4*i, -3*g + 2*i - 25 = o*i. Let n(p) = 4*p**2 + 8*p + 1. Let w(s) = s**2 + s + 1. Let d(k) = -n(k) + 3*w(k). Give d(g).
2
Let c be -14 + (-21 - -52) - 12. Let x(u) = -4*u**3 + 7*u**2 + 4*u + 6. Let t(d) = d**3 - d**2 - 1. Let b(m) = 3*t(m) + x(m). What is b(c)?
-2
Let t(q) = 2*q**3 - 2 - 3*q**3 - q**2 + 3 - q. Let u(v) = -4 + 3 + 20 - 7*v. Let s be u(3). What is t(s)?
7
Let u be 4*2*15/24. Let j(y) = -3*y**2 + 3*y - y**2 + u*y**2. Let z be 5 + (164/(-18) - 2*2/(-36)). What is j(z)?
4
Let s(z) = -z**2 + 5*z + 5. Suppose -32*v + 31 = -29*v + 2*j, -j - 16 = -3*v. Determine s(v).
-9
Let d(a) = -7 - 32*a + 23*a - 4 - 16. What is d(-5)?
18
Let m(x) = -2*x**3 - 7*x**2 - 4*x + 4. Let f(o) be the first derivative of o**3/3 + 11*o**2/2 + 24*o - 123. Let i be f(-7). What is m(i)?
36
Let g = 15 - 14. Let k be (-6)/(g*(-12)/(-16)). Let m(y) = -y**2 - 10*y - 13. Let c be m(k). Let o(z) = z**3 - 5*z**2 + 5*z - 2. Give o(c).
-5
Let h(z) = z**3 + 82*z**2 - 17*z - 1393. Let k be h(-82). Let m(a) = -18*a + 8. Give m(k).
-10
Let f(p) = p - 18. Suppose 0 = 3*y + y + 18*y - 748. Determine f(y).
16
Let k(m) be the first derivative of 4*m**2 - m + 13115. Determine k(2).
15
Let r = 152 - 102. Let o = 53 - r. Let l(v) = 2*v + 193*v**o - 2*v + 1 - v**2 - 187*v**3. Calculate l(-1).
-6
Let b be 0/(-22) - (-2 + 0). Let z(m) = -6*m**2 - 9*m + 11. Determine z(b).
-31
Let d(m) = m**2 - 7*m - 6. Let s = -5525 - -5521. What is d(s)?
38
Let i(c) be the second derivative of c**3/6 + c**2/2 - 5228*c. What is i(23)?
24
Let b(u) = u + 4. Let q(p) = 1. Let n(k) = 4*k + 18. Let a(d) = -n(d) + 4*q(d). Let y(s) = 2*a(s) + 9*b(s). Calculate y(-5).
3
Let k be -11*(11 - 10)*(-1)/1. Let g(t) be the first derivative of -5 + t**2 + 6 - k - 3*t. Give g(4).
5
Suppose 0 = 169*x + 176 + 2190. Let u(f) = -3*f**2 - 41*f + 7. Give u(x).
-7
Let z(g) = 2*g**2 - 21*g - 24. Suppose 26*o - 22*o + 4*x - 48 = 0, 0 = -5*x. Give z(o).
12
Let v(c) = -c**2 + 6*c + 9. Let b(r) = 6*r**2 + r - 2. Let j be b(-1). Suppose j*t - 23 = -11. Suppose 0 = 2*i + t*z - 3*z - 16, 4*i + 3*z = 32. Give v(i).
-7
Let q(o) = 8*o - 3. Let p(g) = -677*g**3 - 3*g**2 - 5*g - 3. Let m be p(-1). Let j = m - 675. Calculate q(j).
5
Let g(s) = -228*s + 55*s + 49*s - 8*s**2 + 57*s + 56*s + 11 - s**3. Calculate g(-6).
5
Let r(m) = 3*m + 5. Let i = -848 + 803. Let x be i/(-6)*(-88)/110. Determine r(x).
-13
Suppose -4*d + 98 = 5*i, 101 = 5*i + 22*d - 19*d. Let f(s) be the third derivative of 0 - i*s**2 + 0*s - 1/6*s**3 - 1/12*s**4. What is f(-5)?
9
Let x(f) = 5*f**2 + 29*f + 12. Let c = -6641 + 6635. Determine x(c).
18
Suppose 0 = 3*x + 4*y - y - 9, -7 = -3*x - 5*y. Let d(q) = -6 + 6 + 6*q - x + 3. What is d(3)?
17
Let r(k) = -k**2 - 41*k - 24. Let c be r(-13). Let l = c - 339. Let a(m) = -2 + m**2 + 0*m**2 - 2*m**2 + 1. Calculate a(l).
-2
Let p be (-2 + -6)*(7 + -8). Let s(q) = -356*q**2 + q + p*q + 359*q**2 - 2. Let y(m) = -2*m**2 - 8*m + 2. Let v(d) = 3*s(d) + 4*y(d). Calculate v(4).
-2
Let x(p) = p**3 - 5*p**2 - 2*p + 7. Let m be x(5). Let c(j) = 686 + 4*j + 732 - 1414. What is c(m)?
-8
Let l be ((6 - 12) + 7)/(24/48). Let x(i) = -i**3 - i + 10. Give x(l).
0
Let a(z) = z - 18. Let n(g) = g + 7. Let w(q) = -6. Let k(p) = -n(p) - 6*w(p). Let h(i) = -5*a(i) - 3*k(i). Let r = -12 - -6. Determine h(r).
15
Let d(p) = -4*p + 82. Let o be d(17). Let c = 23 - 13. Let v = c - o. Let g(i) = -3*i - 6. Give g(v).
6
Let t(n) = 50*n - 1. Suppose -13*h + 44*h + 86 = -55*h. Determine t(h).
-51
Let j(n) = -7*n**2 + 26*n + 3. Let r(w) = 19*w**2 - 68*w - 9. Let k(c) = 8*j(c) + 3*r(c). What is k(1)?
2
Let p(g) be the second derivative of -g**4/12 + 7*g**3/6 - 5*g**2 - 2379*g. Give p(4).
2
Let j(v) = v + 10. Let l(p) = p**2 + 60*p + 642. Let r be l(-14). Let g(s) = 3*s - 3. Let b be g(2). Let u be 48/((-18)/b) + 1*r. Determine j(u).
0
Let x be (21/14)/(30/520). Let d(b) = -2*b**2 + 57*b - 132. Calculate d(x).
-2
Let z(n) = 2*n + 24. Suppose 3*h + 5*y = -23, 4*h - 9*h + 2*y - 59 = 0. Let c be z(h). Let i(s) = -c*s**2 + 1100 - 4*s - 1102 + 3*s**2 + s. Determine i(4).
2
Let n(p) = -14*p**3 + 8*p**2 + 14*p + 9. Let j(h) = 5*h**3 - 3*h**2 - 5*h - 3. Let f(y) = -4*y + 5. Let m be f(-3). Let b(v) = m*j(v) + 6*n(v). Give b(4).
15
Let b(w) = -4*w + 7. Let i(d) = -21*d + 166. Let l be i(8). Calculate b(l).
15
Suppose 13*u - 999 = 93. Let g = -87 + u. Let f(r) = 3*r - 4. Calculate f(g).
-13
Let f(s) = 2*s**2 - 14*s + 29. Suppose -198 = 315*m - 381*m. What is f(m)?
5
Suppose 2*s + 17*l = 59, 4*s + 15 = 5*l + 16. Let x(o) be the first derivative of 4*o - 14 + 1/4*o**4 - o**3 - s*o**2. Determine x(5).
14
Suppose 3*g = -4*g + 273. Let b = -42 + g. Let l(r) be the first derivative of r**4/4 - 2*r**2 + r - 11. What is l(b)?
-14
Let x(l) = 8*l - 3. Let m be 28/6*(9 + 105/(-14)). Determine x(m).
53
Suppose -33*q - 9 = -30*q + 3*z, -5*z + 13 = -2*q. Let u(j) = -j**3 - 3*j**2 + 3*j - 9. Calculate u(q).
-5
Let q(s) = 3 + 1004*s - 2015*s + 1010*s. Let u(n) = -2*n**2 + 8*n + 9. Let h(i) = -i**2 + 8*i + 10. Let y(r) = 3*h(r) - 2*u(r). Let w be y(-6). Determine q(w).
3
Let n = -70 - -71. Let o(v) = 20*v + 4. Let b(l) = 1. Let r(j) = n*o(j) - 5*b(j). Give r(-1).
-21
Let q(t) = 21786 + t**3 - 4*t - 43597 - 4*t**2 + 21804. Give q(4).
-23
Let d(o) = 10*o - 13. Let g be (4 + 7 - 8)/3. Give d(g).
-3
Let g(l) = -l**3 + 10*l**2 + 12*l - 10. Let q be g(11). Let w(b) = -b - 6. Suppose 2*v + 8 = -0*v. Let f(d) = -5. Let o(x) = v*w(x) + 5*f(x). What is o(q)?
3
Let o(z) = z**2 - z + 5. Let h be (-1*12)/(22/(-4) - -4). Suppose h*s + s = -18. Let d(c) = c**3 + 2*c**2. Let u be d(s). Give o(u).
5
Let j(i) = i**2 - 26*i + 6. Let a be j(0). Let c(t) = 4*t - 7. Let b(m) = 9*m - 14. Let n(x) = -3*b(x) + 5*c(x). What is n(a)?
-35
Suppose 7055 = -7*j + 7090. Let u(t) = 7*t - t**2 - 2 + 0*t**2 - 2*t. What is u(j)?
-2
Let h be 3 + -1*265/1. Let k = h + 263. Let c(l) = 12*l + 1. Calculate c(k).
13
Let p be 102/27 + 8/36. Suppose -2*w = p*w - 24. Suppose 31 = 3*i + 5*j, -9 = 3*i - w*j + j. Let m(z) = z - 4. Give m(i).
-2
Suppose -z - 20 = 5*g, 3*z = 6*z - 15. Let j(t) = -3*t**3 - 5*t**2 - 13*t - 9. Let i(a) = a**3 + 2*a**2 + 6*a + 4. Let x(c) = g*i(c) - 2*j(c). What is x(-3)?
-17
Let a(f) = -f**2 + 15*f + 15. Let j(u) = -4*u - 2. Let t(k) = a(k) + 5*j(k). Let m(d) = -6*d**2 + d. Let z be m(1). What is t(z)?
5
Let x(j) be the second derivative of j**5/20 + 13*j**4/12 - 3*j**3 - 22*j**2 - 4714*j. Determine x(-14).
12
Suppose 2*m + 4*j = 6*j + 22, -3*m = 4*j - 61. Let a(v) = v - m + 4 + 10. Give a(-5).
-6
Let g(y) = -y**3 + 2*y**2 - 1. Suppose 0 = -13*v - 11*v - 24. Let t(f) = 7*f**3 - 18*f**2 + 2*f + 3. Let m(r) = v*t(r) - 6*g(r). What is m(5)?
18
Let c(o) = -o**2 - 5*o + 8. Let g(d) = -2*d**2 - 11*d + 15. Let q(w) = 11*c(w) - 6*g(w). What is q(-7)?
-30
Let f(q) = -111*q**2 + 19*q + 8 + 386*q**3 + 126*q**2 - 387*q**3. Calculate f(16).
56
Let u(n) be the second derivative of 1/2*n**3 + 5 - 3*n - 3*n**2. What is u(6)?
12
Let y(x) = 35*x**3 + x**2 + 2*x - 2. Suppose -3*c + 16 = 4*l, -3*l - 2*c + 19 = 8. What is y(l)?
36
Let j be 4/22 - (-159)/33. Let y(z) = 5 - j*z**2 - 2 - z**3 - 3*z - 2*z**2 - 1. Give y(-7).
23
Let p be -5 - (-5)/(-5)*-5. Suppose -y + p*y = -6. Let g(v) = v**3 - 6*v**2 + 2. Determine g(y).
2
Let q(o) be the second derivative of o**3/3 - 21*o**2/2 + 61*o. Determine q(0).
-21
Suppose 2254*m - 2306*m + 52 = 0. Let j(y) = 